. Let f = u - -203. Suppose -f = -6*o + o. Calculate the remainder when 49 is divided by o.
15
Calculate the remainder when 44 is divided by (1/(-1))/((-20)/180).
8
Suppose 17*z - 4 = 13. Calculate the remainder when 0/(-1) + (-2)/(-2) is divided by z.
0
Let n(l) = 13*l - 13. What is the remainder when n(7) is divided by 20?
18
Let z(d) = -d + 7. Let g be z(3). Suppose -g*c + 12 = 2*r - 0*c, 18 = 3*r - 2*c. Calculate the remainder when r is divided by 2.
0
Let p(d) = -d**3 - 5*d**2 - 5*d + 4. What is the remainder when 31 is divided by p(-4)?
7
Suppose 4*u - 100 = 140. Suppose -13*d + u = -10*d. Suppose -4*y = -169 + 17. What is the remainder when y is divided by d?
18
Let l be 4/8 - (-117)/2. Let y = l - 34. What is the remainder when y is divided by 13?
12
Let a(r) = 5*r**2 + 2*r - 2*r**3 - 6*r**2 + 2*r**2. What is the remainder when 30 is divided by a(-2)?
14
Suppose -2*c - 5*p = -91, -c + 211 = 4*c - 4*p. Calculate the remainder when c is divided by 5.
3
Let q(l) = -7*l + 53. What is the remainder when 7 is divided by q(7)?
3
What is the remainder when 469/14*(-2)/(-1) is divided by 14?
11
Let y = -226 - -154. Let g be y/(-88) + (-4)/(-22). Let a = 3 + g. Calculate the remainder when 7 is divided by a.
3
Let p = 85 - 45. Calculate the remainder when p is divided by 13.
1
Suppose b = 5 - 1. What is the remainder when b/6*(5 - -64) is divided by 12?
10
Let l = -1 - -4. Suppose 27 = -l*v + 6*v. Let p = 30 - 4. What is the remainder when p is divided by v?
8
Let h(v) = -v. Let g be h(-5). Suppose -3*j = -g*j + 52. Calculate the remainder when j is divided by 9.
8
Let r be (-23)/(-7) - 16/56. Suppose -2*m + 4*l + 0*l + 4 = 0, r*m - 14 = -2*l. What is the remainder when 10 is divided by m?
2
Let m = 6 - 3. Suppose -2 = 2*w - m*w. Let x(o) = o**3 + 4*o**2 + o - 4. Calculate the remainder when x(-3) is divided by w.
0
Suppose -740 = -3*o + 4*f, 1205 = 5*o + f - 2*f. Let k = o + -154. Calculate the remainder when k is divided by 22.
20
Suppose 5*w - 64 = 11. Let a(o) = -o**3 + 8*o**2 - 4*o - 4. Calculate the remainder when a(6) is divided by w.
14
Suppose -3*g + 6 = -3*t, -2*t - 2*t - 4*g + 24 = 0. Suppose 3*f = 3*w + 1 + t, -4*w - 25 = 3*f. Calculate the remainder when 35 is divided by 2*(2 + 0 - w).
11
Suppose i - 22 = -i. What is the remainder when 328/11 - (-2)/11 is divided by i?
8
Suppose 0 = -4*a - a + 130. Calculate the remainder when 76 is divided by a.
24
Calculate the remainder when (-5)/((-10)/84) - 3 is divided by 11.
6
Let s be (0 + (-1 - 1))*-1. Suppose -j + s = 4*w - 22, -w = j - 15. Suppose -k + 92 = 3*k. Calculate the remainder when k is divided by j.
11
Let j = 11 - 5. Suppose 0 = -3*o - 4*m - j, 32 = 5*o - 5*m + 7. Suppose p - 6 = -p + 2*d, o*p + d = 9. Calculate the remainder when 11 is divided by p.
3
What is the remainder when 81 is divided by 105/20*(5 + -1)?
18
What is the remainder when 15 is divided by (-30)/(-9)*(-12)/(-10)?
3
Let x = -3 + 3. Let b be (x - 0) + 9/3. Suppose -3*s = 5*m - 5 - 20, b*m = -5*s + 31. What is the remainder when s is divided by 2?
1
Suppose 5*s - 315 = 5*c, 2*s + c - 285 = -3*s. What is the remainder when s is divided by ((-6)/(-3) - -2)*5*1?
18
Suppose -3*d - 18 = -5*d. What is the remainder when 34 is divided by d?
7
Suppose 6*r + 167 = 551. What is the remainder when r is divided by 22?
20
Calculate the remainder when 0 - -6*(-28)/(-6) is divided by 10.
8
Let c = 171 + -73. Suppose -3*q = 2 - c. Calculate the remainder when q is divided by 17.
15
Suppose -f + 8 - 2 = 0. Let l = f - 1. Suppose -4*v + 42 = 3*n, -v + 19 = -0*v + l*n. What is the remainder when 33 is divided by v?
6
Let w(s) = -19*s + 3. What is the remainder when w(-4) is divided by 16?
15
Let a = -15 - -28. Calculate the remainder when 19 is divided by a.
6
Let g(p) = p**2 + 8*p + 2. Let y(s) = s + 8. Let o be y(-7). What is the remainder when (o + 3)*(2 + -1) is divided by g(-8)?
0
Let v(k) = -5*k - 5. Calculate the remainder when 59 is divided by v(-4).
14
Suppose 0 = y + 2*r + 15, -3*y + 0*r = -4*r + 35. Let c = 25 + y. Calculate the remainder when 22 is divided by c.
10
Let z(c) = -61*c**3 - c. Let j be z(-1). Suppose 5*y - 3 = j. What is the remainder when 33 - 1 - (-3 + 10) is divided by y?
12
Let b(n) = -n**3 - 3*n**2 + 3. Suppose 0 = 19*w - 311 - 31. What is the remainder when b(-5) is divided by w?
17
Suppose 1 = 4*a + 5, -5*a = -4*b + 85. Let d = 15 + 23. What is the remainder when d is divided by b?
18
Let g(q) = q**3 + 5*q**2 + 5*q + 6. Let b be g(-5). Let d = -9 - b. What is the remainder when d is divided by 4?
2
Let r(x) = -7*x - 6. Let y(o) = 7*o + 6. Let z(m) = 3*r(m) + 2*y(m). What is the remainder when z(-4) is divided by 8?
6
Let h(w) be the third derivative of -w**4/4 - w**3/2 + 2*w**2. What is the remainder when 17 is divided by h(-2)?
8
Let y be (-8)/(-20) - 36/(-10). Suppose -20 - 44 = -y*d. Calculate the remainder when d is divided by 6.
4
Let g(l) = l**3 - 8*l**2 + 10*l. Let u = 16 + 4. Suppose 5*b = -4*h + u, -2*b + b + 13 = -h. Calculate the remainder when g(7) is divided by b.
5
Suppose 54 + 4 = h. Let n = -22 + h. What is the remainder when n is divided by 13?
10
Suppose 4*a = -5 + 33. Calculate the remainder when (-2)/4 - (-4)/((-32)/(-148)) is divided by a.
4
Let b(f) = 2*f**2 + 7*f - 4. Let w be b(6). Suppose 0 = r, 0 = 3*x + 2*x - 3*r - w. What is the remainder when x is divided by 8?
6
Let b(v) be the third derivative of v**5/60 - v**4/6 - v**3/6 + 2*v**2. Let g be b(-3). Let p = -13 + g. What is the remainder when 12 is divided by p?
5
Let t(j) = -2*j**3 - 9*j**2 + 4*j - 1. What is the remainder when 21 is divided by t(-5)?
1
Suppose 10 = 4*t + 6. Calculate the remainder when 7 is divided by t.
0
Let z(i) = -2*i**2 - 2*i. Suppose 2 = 2*k - 3*k. Let r be z(k). Let l = r + 13. What is the remainder when 35 is divided by l?
8
Let p = 47 + -27. Suppose -b = -5*b + 4*k + p, k = -2*b + 10. Suppose -5*f - 225 = -b*z, -f + 65 = 2*z + 2*f. What is the remainder when z is divided by 21?
19
Suppose 3*x + 6 = 0, u + 2*u - x - 818 = 0. Suppose -5*v + k - 3*k + u = 0, -216 = -4*v - 2*k. Let t = -33 + 52. What is the remainder when v is divided by t?
18
Let w(d) = -4*d - 2*d - d + 7. Calculate the remainder when w(-5) is divided by 22.
20
What is the remainder when (6/(-4))/(5/(-10)) is divided by (-12)/(-7) - (-4)/14?
1
Suppose -5*r + 24 = o, -3*r + 4*o - 7 + 3 = 0. Suppose -f + 24 + 29 = r*k, -4*k = 8. Suppose 5*m = m + 64. What is the remainder when f is divided by m?
13
Let d = -19 - -11. Let f be (-514)/d + 6/8. Let r = -46 + f. Calculate the remainder when 36 is divided by r.
17
Suppose 0*f = -f + 1. What is the remainder when 5 is divided by f/(-5) + 11/5?
1
Let n(s) = 0*s**3 + s**2 - 2*s**2 - s + 7*s**3 + 1. Let l be n(1). What is the remainder when ((-15)/l)/(1/(-14)) is divided by 12?
11
Let z(j) = j**2 - 7*j + 8. What is the remainder when 74 is divided by z(10)?
36
What is the remainder when 22 is divided by (-4 + 0)*(-14)/8?
1
Suppose -5*h - 8 = -3. What is the remainder when 3 is divided by 2 - 0 - h - 1?
1
Let w = -41 + 42. Suppose -3*f = -d + 11, -18 = 3*f + 3*d + 9. What is the remainder when ((-2)/f)/((-1)/(-5)) is divided by w?
0
Suppose 2*r = 4*b + b - 58, 16 = -4*r. Let w(p) = p**2 - 6*p + 2. What is the remainder when w(b) is divided by 22?
20
Suppose -6*b + 14 = -3*b + 5*s, -5*b + 4*s = -85. What is the remainder when 25 is divided by b?
12
Calculate the remainder when (252/10)/(-1*(-6)/20) is divided by 17.
16
Suppose 0*c - 36 = -4*c - 2*p, 5*c + 4*p = 48. Let o = 2 + c. What is the remainder when (-3 - -1)*(-29)/2 is divided by o?
9
Suppose 5*g - 10 = -5. What is the remainder when 15 is divided by g/3 - 34/(-6)?
3
Let x(r) = -r**2 - 12*r - 18. Calculate the remainder when 31 is divided by x(-9).
4
Let s be 2*(-2)/(-12)*303. Suppose 0 = -3*c + 275 - s. What is the remainder when c is divided by 15?
13
Let b(q) = -14*q. Let n(o) = 28*o. Let r(y) = 5*b(y) + 2*n(y). What is the remainder when 26 is divided by r(-1)?
12
Let z be (-2 + 0)/((-2)/(-29)). Let o = 50 + z. Suppose -3*n + 25 = -8. Calculate the remainder when o is divided by n.
10
Let h = 2 + 10. Let r = -6 - -52. Calculate the remainder when r is divided by h.
10
Suppose -30 = -2*p - 0*p. Suppose 0 = b - 51 + 14. Let a =